s divided by h(0).
42
Let z = 227 + -225. Suppose f + 13 = -5*d - 0, -43 = -5*f + z*d. Calculate the remainder when 20 is divided by f.
6
Suppose 3*u + 7 = -2*d, -2*d = 3*d - 5. What is the remainder when 160 + (-12)/(-6)*u is divided by 13?
11
Suppose -2052*i + 2050*i = -738. Suppose 3*t - 179 = -5*u - 0*u, 3*u = 5*t - 253. Calculate the remainder when i is divided by t.
51
Let w = -908 - -938. Let a(f) = -f**3 + 4*f**2 + 3*f. What is the remainder when a(-3) is divided by w?
24
Let c = 551 + -538. Let v = -72 + 40. Let r = 81 + v. What is the remainder when r is divided by c?
10
Suppose 8*g - 12*g = 3*w - 73, -49 = -2*g + w. Suppose g*h - 7386 = 116. Calculate the remainder when h is divided by 69.
65
Let n = -1221 - -1304. Suppose 4*a - 124 = -5*w, -2*a + 5*a - 72 = -3*w. What is the remainder when n is divided by w?
27
Suppose 74*r = 37*r - 518. What is the remainder when 80 is divided by (1*-1 - r) + (66 - 67)?
8
Let b(u) = -u**3 - 4*u**2 - 2*u + 5. Let k be b(-8). Suppose j - k - 2 = 0. Suppose 10*f - j = f. Calculate the remainder when f is divided by 17.
14
Suppose -5*j + w = -383 - 56, -j = 4*w - 92. Calculate the remainder when 608 is divided by j.
80
Let k(c) = -56*c + 3751. What is the remainder when k(63) is divided by 28?
27
Let m(x) = -x**2 - 2*x + 19. Let c(l) be the third derivative of l**4/8 + 7*l**3/2 + 22*l**2. Let p be c(-7). What is the remainder when m(p) is divided by 7?
5
Let k(f) = -42*f + 6. Let q be k(0). Suppose q*w + 5*a = 128, 0*w + 4*a = -w + 15. What is the remainder when w is divided by 15?
8
Let p = 66 + -33. Let v = p - 78. What is the remainder when (-7239)/v + (-4)/(-30) is divided by 41?
38
Suppose -83 = -2*r + 95. Suppose -102 = -4*a + 2*f, -4*f - 19 = 3*a - 68. Calculate the remainder when r is divided by a.
20
Let l = -509 - -855. What is the remainder when l is divided by 116?
114
Let p(m) = -49*m**2 + 7*m - 45. Let u be p(5). Let b(o) = -o**3 - 7*o**2 - 6*o - 10. What is the remainder when (1/2*-4)/(13/u) is divided by b(-7)?
30
Let l = 4672 + -2789. Calculate the remainder when l is divided by 15.
8
Let a(x) = 7*x + 133. Let p = 29 + -27. What is the remainder when a(-18) is divided by p?
1
Let t = -18 + 13. Let a = 149 - 117. Let s = a + t. Calculate the remainder when 132 is divided by s.
24
Let l(u) = 9*u**2 - 5*u + 37. Let b be l(6). Suppose b = 4*x + 5*c, -6*x - 4*c + 247 = -3*x. What is the remainder when x is divided by 7?
5
Suppose -3*v + 8 - 2 = 0. Suppose 0 = -v*n + 3*n - 6. Suppose 4*o + s - 67 = 41, -4*o + 112 = 2*s. What is the remainder when o is divided by n?
2
Let i = -1410 + 1781. Calculate the remainder when 1117 is divided by i.
4
Suppose -1460 = -1115*o + 1095*o. Suppose -x - x - b + 160 = 0, 0 = 2*b + 4. Calculate the remainder when x is divided by o.
8
Suppose -k = 4, -3*w + 0 = 5*k + 5. Suppose -2*c + 4*s + 72 = 0, -160*c = -162*c - s + 57. Calculate the remainder when c is divided by w.
0
Let j(b) = b**3 - b**2 + 6. Suppose -2*a = 0, -3*r = -r - 5*a. Calculate the remainder when j(r) is divided by 4/(-2)*6/(-4).
0
Let k = 382 - 218. Suppose 324 = 13*w - 11*w - s, k = w - s. What is the remainder when w is divided by 25?
10
Suppose -2865*g + 2604*g + 1566 = 0. Let f = -30 - -52. Suppose -f = -s - 0*s. Calculate the remainder when s is divided by g.
4
Suppose 2*i = 10*i - 2*y - 342, -i + 57 = -5*y. Let o(b) = -b - 6. Let u be o(0). Calculate the remainder when i is divided by (-9)/u*44/6.
9
Let n(q) = 535*q + 4516. What is the remainder when n(-8) is divided by 45?
11
Suppose 3*u = 5*u - 280. Let l = u + -86. Suppose 11*k = 14*k - l. What is the remainder when 35 is divided by k?
17
Let o = -8 + 14. Let t = -584 + 584. Suppose q - o*q + 125 = t. What is the remainder when 46 is divided by q?
21
Let c = -57 - -59. Let q be c - (-1 - (0 + -9)) - -3. Calculate the remainder when 50 is divided by q/((-2)/((-102)/(-9))).
16
Let v(f) = 71*f**2 - 2. Let s be 3/(17/7 - 2). Suppose -2*u + s*u = 45. Calculate the remainder when v(-1) is divided by u.
6
Let u = 42414 + -38671. Calculate the remainder when u is divided by 36.
35
Suppose -4*r - 23*h - 3641 = -20*h, -2*r - h = 1819. Let t = 953 + r. What is the remainder when t is divided by 4?
1
Let k(q) = -21*q - 91. Suppose 2*d - 14 = j - 59, -2*j - 30 = 2*d. Calculate the remainder when k(d) is divided by 15.
14
Let t = -11141 - -12487. What is the remainder when 2701 is divided by t?
9
Let k = -13 + 74. What is the remainder when k is divided by (-19)/(912/(-56)) + (-191)/(-6) + -1?
29
Let t(i) = i**3 - 12*i**2 + 11*i + 13. What is the remainder when t(11) is divided by 4?
1
Let y = -55 - -504. What is the remainder when 1347 is divided by y?
0
Let y be (-16)/(-48) + (-140)/6. Let g(v) = -v**3 - 21*v**2 + 44*v - 7. What is the remainder when g(y) is divided by 20?
19
Let q = 184 - 180. Suppose -q*c - m + 686 = c, m = -4*c + 548. What is the remainder when c is divided by 13?
8
Suppose -t = d - 170 + 24, -d = -2*t + 277. Calculate the remainder when (3 - -2)*t/15 is divided by (-3 - -1) + (1 - -13).
11
Let j be (902/246)/((-2)/(-48)). Suppose 64*p = 66*p - j. Calculate the remainder when 86 is divided by p.
42
Let x(g) = -g**2 - 21*g + 50. Suppose 0 = 5*q - 414 + 184. What is the remainder when x(-19) is divided by q?
42
Suppose 0 = -4*d + 2*c - 82, 3*c + 12 = -3*d - 27. Calculate the remainder when 46 is divided by 42/(-9)*d/7.
10
What is the remainder when 208 is divided by (-6318)/(-143) - 18/99?
32
What is the remainder when (-1)/((-6)/4) + 8540/60 is divided by (-294)/(-4) + 1/(-2)?
70
Let k(f) = f**2 - 7*f - 52. Let d be -206 - ((-3)/(-5))/((-2)/(-10)). Let a = 388 + d. What is the remainder when a is divided by k(-7)?
41
What is the remainder when (-79632)/(-77) + (-1 - 18/(-22)) is divided by 1026?
8
Suppose 731*a - 737*a + 1530 = 0. Let s = 346 - a. Calculate the remainder when s is divided by 26.
13
Let p = 6973 - 6944. Calculate the remainder when 63 is divided by p.
5
Suppose -2*t + 49 = 3*w, -13*w = -3*t - 11*w + 106. Calculate the remainder when t is divided by 9.
5
Suppose 2108*u - 567 = 2045*u. What is the remainder when 113 is divided by u?
5
Let c(j) = 116*j**3 - j**2 + 3*j - 1. Let x be c(1). Let f = x + -13. What is the remainder when f is divided by 12?
8
Let d(n) = 4*n**3 + 208*n**2 - 61*n - 239. Calculate the remainder when d(-52) is divided by 485.
23
Let w = -36729 - -36772. What is the remainder when w is divided by 2/(-5) - (-132)/5?
17
Let q be (-89)/7 + 2/(-7). Let y(v) be the third derivative of -v**4/24 - v**3/2 + 332*v**2. Calculate the remainder when 27 is divided by y(q).
7
Let r be 3456/(-56) + (-6)/21. Let q be 4/(-2) - (3 - 15). Calculate the remainder when (-1 + r/10)/((-2)/q) is divided by 13.
10
Let o = -9 + 20. Let n(i) = o + 14*i + 13*i - 28*i. Calculate the remainder when 100 is divided by n(-6).
15
Let i(a) = -5*a + 3 + 2*a - 3*a. Let s = -806 + 800. What is the remainder when i(s) is divided by 11?
6
Let j = 18115 + -17439. Calculate the remainder when j is divided by 15.
1
Suppose -10*x + 377 = 4*i - 15*x, 2*x = -5*i + 463. Suppose -102*u = -i*u - 234. What is the remainder when u is divided by 7?
5
What is the remainder when 472 is divided by (291/10 + (-616)/(-440))/(1/4)?
106
Suppose 28*y - 1641 - 3947 = 29524. Calculate the remainder when y is divided by 37.
33
Let f(j) = j**2 - j + 12. Let q be 6/(180/(-310))*54. What is the remainder when q/(-26) - (-126)/(-273) is divided by f(0)?
9
Suppose s - 3*s = 40. Let k = s + 25. What is the remainder when 3 - (-4 - -2) - -4 is divided by k?
4
Let u(h) = -4*h**3 - 25*h**2 - 2*h - 9. Let n(z) = -z**3 - 2*z**2 + z - 1. Let t(w) = n(w) - u(w). Calculate the remainder when t(-7) is divided by 28.
1
Suppose 116 = 6*r - 2*r. Let t = -943 + 1126. Suppose -15 = 21*l - t. Calculate the remainder when r is divided by l.
5
Suppose -11 = -5*k + 4. Suppose 5*r - 2*d + 176 = 0, 4*r + 182 - 55 = -k*d. Let a = r + 59. What is the remainder when 74 is divided by a?
24
Let r(l) = -l**2 - 45. Let w be r(8). Let k = w - -118. Suppose x - 3*s = 18, x - 2*s = -7*s + 10. Calculate the remainder when x is divided by k.
6
Let c(y) = y**2 - 8*y + 22. Suppose -3*u - 147 = -6*u. Let z = u + -21. Calculate the remainder when z is divided by c(6).
8
Let z = -29 - -31. L